 = -2*w + 17. Let y = 12 - 6. Let u be a(y). Suppose 5*c - 625 = -u*r - 20, -129 = -c + r. Calculate the greatest common divisor of 25 and c.
25
Let r be -5 - 304/(-10) - 6/(-30)*-2. What is the highest common factor of 130 and r?
5
Suppose -5*y - 30774 = -59*y + 11076. Calculate the greatest common divisor of y and 50.
25
Suppose -21*x + 350 = -14*x. Let o = 1 - -4. Suppose -j + 65 = j + o*v, -2*v + 10 = 0. What is the highest common divisor of x and j?
10
Let o(x) = 628*x**3 + x**2 - 4*x. Let u be o(1). Calculate the highest common divisor of 4500 and u.
125
Let w be ((-2 - -1) + -19)*-3. Let a(k) = -k**3 - 11*k**2 - 16*k + 33. Let g be a(-9). Let m be g/20*16*1. What is the greatest common divisor of w and m?
12
Suppose -10*z + 2*w = -2398 - 9572, -5*z - w + 5985 = 0. What is the highest common divisor of 315 and z?
63
Suppose 4*j - 16 = 0, -2*j = -3*c + 30 + 100. Suppose 35*g - c*g = -330. Calculate the greatest common divisor of 12 and g.
6
Let y be (-14)/49 + (-51)/(-7). Let c = y + -11. Let x = 41 - c. What is the greatest common divisor of 9 and x?
9
Let d = 76 + -92. Let g be 132/4*(d/12)/(-2). Calculate the greatest common divisor of g and 11.
11
Suppose 27*q = -g + 29*q + 600, 5*g - 2974 = -3*q. Suppose 0 = 5*c - 701 + g. Calculate the highest common factor of 3 and c.
3
Let u be (1/(4/9))/((-3091983)/171788 - -18). What is the greatest common factor of u and 21?
3
Let g(k) = 1 + 15 - 77*k + 5 + 4*k**2 + 66*k. Let q be g(5). Calculate the highest common divisor of 110 and q.
22
Suppose 1075*u = 1083*u - 5056. Suppose 2*j - 877 = -a, 2*a = -3*j + u + 1121. What is the greatest common factor of a and 25?
25
Let s(y) = y**3 + 13*y**2 - 59*y - 31. Let t be s(-16). Let n(x) = 2*x**3 - 9*x**2 + 10*x + 12. Let k be n(5). Calculate the greatest common factor of k and t.
29
Let g = 1227 + -1215. Suppose -2*f = 3*f + a - 56, -4*a - 16 = 0. What is the greatest common divisor of f and g?
12
Let t(r) = 17*r - 7. Let u(v) = -2*v**2 + 13*v - 4. Let k be u(6). Suppose -j + k + 0 = 0. Let x be t(j). What is the highest common divisor of 189 and x?
27
Let z be ((-1)/(-2) + -2)/((-9)/132). Suppose 105 = -z*w + w. Let l(j) = -3*j**2 - 17*j - 4. Let b be l(w). Calculate the highest common divisor of 6 and b.
6
Suppose 5*g - 137 = -x, 0 = 2*x + 10*g - 9*g - 211. What is the highest common factor of 42 and x?
6
Suppose 20*i - 792 = -13*i. Let o be (-2 - -7) + (-2 - -2). Suppose 10 = 5*q - o. What is the highest common factor of q and i?
3
Suppose 0 = 8*h + 2*t - 370, 16 = 3*t + 1. Calculate the highest common divisor of 1089 and h.
9
Let t(o) = -6*o**2 - 84*o + 11. Let l be t(-14). Let b = 1072 - 269. Calculate the greatest common factor of l and b.
11
Let r = -24044 + 24304. Calculate the highest common factor of 5020 and r.
20
Let l be ((-144)/5)/(2/(-10)). Suppose 2*n + 2*y = 62, -137*n + 142*n - 3*y - 35 = 0. Calculate the greatest common factor of l and n.
16
Let q be (-13)/(-13)*(-80)/6*168/(-70). What is the greatest common factor of 1952 and q?
32
Suppose -72*j + 15620 = -19627 - 10617. Calculate the greatest common factor of 143 and j.
13
Let t be ((-2064)/(-72))/(-3*(-4)/756). What is the highest common factor of 154 and t?
14
Let x be 2160452/1310 + 18/(-15). What is the highest common divisor of 103 and x?
103
Let j = -8 + 16. Let p(y) be the third derivative of y**5/60 - 5*y**4/24 - y**3/3 + 8*y**2. Let o be p(j). Calculate the greatest common factor of o and 44.
22
Let y be (-1 - (-141 + -1)) + -24 + 4 + 20. What is the highest common factor of y and 1?
1
Let c(o) = -2*o**3 - 7*o**2 - 60*o - 305. Let n be c(-5). Let f = 33 - -191. Calculate the greatest common divisor of n and f.
14
Let v be -300*((-82)/(-328) - (-22)/(-24)). Let k(c) = c**2 + 4*c + 3. Let r be k(-5). Calculate the highest common divisor of r and v.
8
Let k(d) = d - 11. Let f be k(8). Let y be (1 - -7 - -4) + f. Let i be (-2 - -1)/(3 - 30/y). Calculate the greatest common factor of i and 39.
3
Let r be 182/9 + 4/(-18). Let g = 118443 + -118403. What is the greatest common divisor of r and g?
20
Let w = 94 - 90. Let m = 79 - w. Calculate the greatest common divisor of 100 and m.
25
Let a = 115 + -122. Let c be (-7)/a + -4 + 478. What is the highest common divisor of c and 25?
25
Let m be ((-1)/(-15))/((-2)/(-5)) - 41436/(-216). Calculate the greatest common divisor of m and 544.
32
Suppose -4*s - 156 = -4*b + s, -2*b + 4*s = -78. Suppose -93 = -6*g - b. Calculate the greatest common factor of 288 and g.
9
Let t(l) = 3*l**2 - 5*l - 6. Let s be t(-1). Suppose 0 = 4*q + 20, -s*g + 45*q = 49*q - 6. Calculate the highest common divisor of g and 949.
13
Let r = 94779 + -49739. Let n be (r/(-15))/(-8) + (-8)/6. Let m(i) = 10*i**2 + 2*i - 2. Let f be m(-2). What is the greatest common divisor of f and n?
34
Suppose 4*p = 2754 - 2598. Let x(g) = g**2 + 23*g - 49. Let z be x(-28). Calculate the greatest common factor of z and p.
13
Suppose 4*r - 2*q = 662, -5*r + 827 = -4*q + q. Calculate the greatest common factor of 2075 and r.
83
Let y be (-2015)/(-186) - (-203)/174*(-2)/(-14). What is the greatest common factor of y and 3586?
11
Let n = 13 + -73. Let u be -3 - n - 0/(2 + -4). Let l = u - 49. Calculate the highest common divisor of l and 4.
4
Let z(o) = o**2 + 12*o + 25. Let c be z(-14). Let r = c + -39. Calculate the greatest common divisor of r and 21.
7
Let a be (-12)/(-21) - (-5640)/(-168). Suppose -2*r = -5*r + 24. Let y be 1 - r/2 - a. What is the greatest common factor of 330 and y?
30
Suppose 226*w = 242*w - 480. Let u(i) = i**2 + 6*i - 4. Let x be u(-7). Suppose x*z + 9 = 69. What is the highest common factor of z and w?
10
Suppose -27 = -j - 3. Let o(r) = -3*r**2 - 5*r + 7. Let x be o(0). Let c(w) = -20*w + 156. Let z be c(x). Calculate the greatest common factor of j and z.
8
Suppose -f + 1707 = 5*b - 4*f, -4*f = -4*b + 1372. Suppose b = 4*i + 123. Calculate the greatest common factor of i and 12.
6
Let o be ((-22)/(-4) - 5)*342. Calculate the highest common divisor of 3762 and o.
171
Suppose -2*x - 160 = -6*g - 4*x, -g + 3*x + 20 = 0. Calculate the greatest common divisor of g and 442.
26
Let m(s) = 5*s - 22*s + 7*s + 12 - 66*s. Let r be m(-1). What is the highest common factor of r and 44?
44
Suppose 147 + 19 = 2*n - 24. Calculate the greatest common factor of 245 and n.
5
Suppose -8*x + 2*a + 16396 = 0, -x + 1640 = 4*a - 418. Calculate the greatest common divisor of 164 and x.
82
Suppose -139*r + 8010 = -154*r. Let d = -499 - r. Calculate the highest common divisor of d and 40.
5
Let c be (-1)/(-3) + (-1342)/(-366). Calculate the greatest common factor of c and 90.
2
Let p(f) = 12*f - 28. Let k be p(6). Let b = k - 40. Suppose -6*c + b = -44. What is the greatest common divisor of c and 40?
8
Suppose -13714 = -4*x - 3*h, 0 = 35*x - 40*x - 3*h + 17144. What is the highest common factor of 35 and x?
35
Let l be 10*4/8 - 0. Let d(t) = 6 - l*t + t + t. Let a be d(-4). What is the highest common divisor of 162 and a?
18
Let d(j) = j**3 + 5*j**2 + 6*j + 4. Let m be d(-3). Suppose m*t + 5*k - 48 = 0, -2*k - 76 = 4*t - 8*t. What is the greatest common divisor of 170 and t?
17
Let k(y) = -y**3 - 45*y**2 + 143*y + 24. Let m be k(-48). Calculate the highest common divisor of m and 684.
36
Suppose -2*b + 566 = 2*a, -3*a - 628 = -3*b + 203. What is the greatest common divisor of 14420 and b?
140
Suppose u = -3*u + 216. Let m be u/(-4)*224/(-12). Let y(d) = -3*d + 75. Let p be y(13). Calculate the greatest common factor of m and p.
36
Let h(l) = -3*l + 70. Let u be h(33). Let v be 203/u*30/(-14). What is the highest common factor of v and 465?
15
Let m be -1 - ((-4943)/4 - (0 - 4)/(-16)). What is the greatest common factor of 95 and m?
95
Suppose 2*v - 90 = -0*j + 2*j, 0 = 4*v - j - 165. Let q = v + 42. What is the greatest common divisor of 205 and q?
41
Suppose 0 = 2*l - 28*l. Let o be (32 + l)/(104/13 - 7). What is the greatest common divisor of o and 176?
16
Let p(c) = -1297*c**3 - c**2 - 55*c - 55. Let y be p(-1). What is the highest common factor of y and 2106?
162
Suppose n - 31 = 77. Suppose 34*i = 1304726 - 1301462. What is the greatest common divisor of i and n?
12
Let u be 0*(14/(-140) - 6/(-10)). Let m(w) = -w**3 - 1. Let f be m(-1). Suppose f = 5*i - u*i - 75. Cal